Suppose 4*d + 3 = 3*x - 3, d = 5*x - 10. Suppose 4*g + 23 = w, d = -w - 0*g - g + 43. What is the highest common divisor of w and l?
13
Let g(j) = 3*j - 5. Let b be g(4). Suppose 3*l - 32 = b. Suppose 0*t + 3*t = 117. Calculate the greatest common divisor of l and t.
13
Let h(i) = i**3 - 2*i**2 + 3*i - 2. Let m be h(5). Calculate the greatest common factor of m and 11.
11
Let q be 7/35 - 9/(-5). Let k be q/1*(-39)/(-6). What is the greatest common factor of 65 and k?
13
Suppose -69*q = -74*q + 80. What is the greatest common divisor of q and 80?
16
Suppose -2*m + 3*m = -3*y + 107, -25 = -5*m. Suppose -4*p - r + 131 = 0, -5*r + 7 = -5*p + 202. What is the greatest common divisor of y and p?
34
Let h(i) = i**2 + 6. Let c be h(0). Calculate the greatest common divisor of 15 and c.
3
Let b(c) = -c**3 - 6*c**2 - 10*c - 5. Let n be b(-7). Let m = n + 21. Calculate the greatest common divisor of m and 15.
15
Let d be (-4)/(-3) - (-11)/(-33). What is the highest common divisor of 11 and d?
1
Let l(z) = 6*z**2 - 10 - z**2 - 12*z - 6*z**2. Let p be l(-10). What is the highest common divisor of 5 and p?
5
Suppose -n + 13 = 5*i - 10, 3*i - 33 = -3*n. Let v(u) = -u**3 + 9*u**2 - 7*u - 5. Let x be v(n). Calculate the highest common divisor of 30 and x.
3
Suppose -5*f + 3*a + 117 = 0, -4*f + 76 = 5*a + 12. What is the greatest common factor of 3 and f?
3
Suppose -4*g + 10 = -3*g. Let t(s) = 10 + g - s - 5. Let l be t(8). What is the highest common factor of l and 7?
7
Let r be (-2 - -14)/(12/8). Let u(t) = 32*t. Let h be u(4). Suppose -3*p = p - h. Calculate the greatest common divisor of r and p.
8
Let q(g) = g**2 - 8*g + 3. Let j be q(3). Let y = j - -21. What is the highest common divisor of 45 and y?
9
Let f = -28 - -56. What is the highest common divisor of f and 70?
14
Let t(h) = -h**3 - 21*h**2 - 19*h + 29. Let w be t(-20). What is the greatest common factor of 153 and w?
9
Let h(u) = 2*u**3 + 18*u**2 + 10. Let o be h(-9). Suppose 0 = -2*f - 5*k + 85, 76 + 49 = 3*f + 5*k. Calculate the greatest common factor of f and o.
10
Let z = 56 - 24. Let o(q) = -8*q + 44. Let c be o(5). Calculate the greatest common divisor of c and z.
4
Let c be (-32)/(-6) - (-2)/(-6). Suppose -4*q = -4*a + 172, -2*a + 55 = -a + c*q. Calculate the highest common factor of a and 30.
15
Let v be ((-10)/(-3))/((-8)/(-12)). Suppose -v*q + 151 = -189. What is the highest common divisor of q and 17?
17
Let k = -57 + 103. Calculate the greatest common factor of 69 and k.
23
Let g = 16 - 6. Let c be (-7 + g)/(2/6). Calculate the greatest common factor of c and 99.
9
Let p(f) = f**2 - 9*f - 34. Let b be p(13). Calculate the highest common divisor of b and 9.
9
Suppose -9 = 4*h + 7. Let w be (0 + (-35)/4)*h. Calculate the highest common divisor of w and 14.
7
Let w = -170 - -242. Let m be 2 + 1*-2 + 0. Suppose 7*z - 4*z - 27 = m. Calculate the highest common factor of z and w.
9
Suppose -q + 0*q = 4*h - 34, -4*q + 51 = -h. Calculate the highest common divisor of q and 154.
14
Let m(d) = d. Let z(n) = -2*n. Let j(y) = 14*m(y) + 6*z(y). Let f be j(5). Suppose 0 = -i, s - 5*s + 40 = i. Calculate the highest common divisor of s and f.
10
Suppose -3*h + 2*h = 4*y - 13, 0 = 4*h - 5*y - 73. Let q be ((-2 - -2) + 0)/2. Suppose 5*i - 3 - h = q. Calculate the greatest common factor of 12 and i.
4
Let m be 4 + ((-2)/(-2) - 1). Let k = 26 + -22. Calculate the greatest common divisor of m and k.
4
Let h be (129/4)/((-13)/52). Let l = h - -201. Calculate the greatest common factor of l and 8.
8
Let y be 18 + 2/(-2) + 3. Suppose -4*n + 9*n = y. What is the greatest common divisor of n and 32?
4
Let g = 36 + -16. Suppose 0 = 4*m - 6 - 26. What is the highest common divisor of g and m?
4
Suppose -2*j = 3*i - 511 + 53, 3*j = -4*i + 685. Let f = j - 128. What is the greatest common divisor of f and 38?
19
Suppose r + 4 = 2*r. Let s(x) = 3*x**2 - 6*x + 4. Let a be s(r). Calculate the highest common factor of a and 7.
7
Suppose 0 = 6*i - 2*i - 8. Suppose i*b - 16 = -0*a - 4*a, 0 = -a + 3. Let j(d) = -2*d - 4. Let h be j(-5). Calculate the highest common factor of h and b.
2
Let j(d) = -d**2 - 9*d + 4. Suppose -7*f + 3*f = 28. Let r be j(f). Suppose 3*k + 11 = 65. What is the greatest common divisor of k and r?
18
Let n(t) = 4*t + 11. Let v be n(4). Calculate the greatest common divisor of v and 18.
9
Suppose o - 4*o = -51. Let w = o + 18. What is the greatest common factor of 7 and w?
7
Suppose 2*h - 606 = -4*d, 0 = -5*h - 4*d + d + 1494. What is the highest common factor of 27 and h?
27
Let g(m) = m**2 + m + 175. Let j be g(0). What is the highest common divisor of j and 25?
25
Suppose 0 = -w + 3*w. Suppose -8*i + 9*i - 48 = w. Calculate the highest common divisor of 12 and i.
12
Let i = -96 + 248. Suppose 7*d - 740 = -i. Calculate the highest common factor of d and 12.
12
Let p = -81 - -97. Calculate the greatest common factor of 112 and p.
16
Suppose 2*w - 4 = -0*w. Let a be (2 - w/2) + 7. Calculate the greatest common factor of 24 and a.
8
Suppose -3*d + d + 6 = 0. Suppose 0 = -2*u + 3 + 3. Calculate the greatest common factor of u and d.
3
Let m = -50 - -98. Calculate the greatest common factor of 6 and m.
6
Suppose 2*y - 43 = 5*m + 38, 2*m + 138 = 3*y. Calculate the greatest common factor of y and 32.
16
Let x(f) = 18*f + 8. Let i be x(7). Suppose -4*u - t = -87, -5*t - 29 = 5*u - i. What is the greatest common divisor of u and 33?
11
Let c(d) = -8*d**3. Let m be c(-1). Let x = -5 + m. Let r be (21 - -1)*x/6. What is the highest common divisor of r and 88?
11
Let j be (11/2)/((-12)/(-24)). Calculate the greatest common divisor of 55 and j.
11
Let b = 20 + 25. What is the greatest common divisor of 27 and b?
9
Let y be ((-8)/(-12) - (-561)/9) + -3. Calculate the highest common divisor of y and 10.
10
Let x be 6/9*27/1. What is the greatest common factor of 30 and x?
6
Suppose -w + 18 = 2*l, 49 + 6 = 3*w + 5*l. Let m be (2 - -2) + -3 - -3. Calculate the highest common factor of m and w.
4
Let t be 22/6 + 6/18. Suppose -2*g - 7 = 3*u, -5*g + 3*u - 5*u + 10 = 0. Calculate the greatest common divisor of t and g.
4
Let w = -685 - -368. Let a be 4/(-6) - (-1679)/3. Let b = w + a. What is the greatest common divisor of b and 22?
22
Let d = 34 - 17. What is the greatest common factor of 68 and d?
17
Suppose 0 = 2*l + 5*j - 8 - 67, -3*l - 2*j = -118. Calculate the highest common divisor of 10 and l.
10
Suppose j + 519 = 4*j. Let u = j + -58. What is the highest common factor of u and 46?
23
Let j be (8/(-6)*-6)/2. Suppose -71 = -2*b - 5*d, -122 + 50 = -3*b + j*d. Suppose -3*z - z = -16. What is the greatest common factor of z and b?
4
Let u(t) = t**2 + 7*t + 6. Let f be u(-7). Suppose -3 = q - f. Suppose -4*d + d = o - 12, -57 = -4*o - q*d. What is the highest common factor of 3 and o?
3
Let c(t) = 71*t**3 + t. Let g be c(1). Suppose 3*w - w - 4 = 0. Suppose 0 = -w*h - 0*h + 16. Calculate the highest common divisor of h and g.
8
Let a(w) = 506*w - 3. Let n be a(3). Let m be n/12 - (-4)/(-16). Calculate the highest common factor of 14 and m.
14
Let t be (-3)/(2 - (-37)/(-18)). Let l(n) = -n**3 - 2*n**2 - 2*n - 2. Let v be l(-2). Let o = v - -4. Calculate the highest common divisor of t and o.
6
Let d be (-8 - (6 - 17)) + 4/2. Let w(c) = -c**3 - 7*c**2 + 2. Let k be w(-7). Suppose k*n - 25 = n. Calculate the greatest common factor of d and n.
5
Suppose -k + 21 = 5*x, -k - 2*x = 10 - 22. Suppose -3*s + 96 = -s. What is the highest common divisor of k and s?
6
Suppose 2*t + 70 = 7*t. What is the greatest common factor of 14 and t?
14
Let j be ((-96)/(-9))/((-1)/(-3)). Suppose 0*d - 12 = -2*d. Suppose -22 = -4*k - d. What is the greatest common factor of j and k?
4
Let w be -3 - (-12)/(1 + 1). Suppose 0 = w*x - 531 + 69. Suppose -6*j - 70 = -11*j. What is the highest common divisor of x and j?
14
Let l be 8*1*(-2 + 18/3). Suppose -2*p + 0*p + 160 = 0. What is the greatest common divisor of p and l?
16
Let p(s) = -s - 1. Let g be p(-6). Suppose -4*u = -2*x + 88, x - g*x = 4*u - 128. What is the greatest common divisor of 9 and x?
9
Suppose 1215 = -5*y + 3*j, -2*y = -5*j + 645 - 140. Let z be 2/3 - y/(-9). Let f be (-6)/12*z*1. Calculate the greatest common divisor of 143 and f.
13
Let p = -29 + 64. Suppose -5*b -